2. Calculate d(2).
6
Let m(i) = -22*i + 441. What is m(20)?
1
Let p(v) = 121*v + 1453. Give p(-12).
1
Let a(q) = -q**3 - 2*q**2 + 5*q - 3. What is a(2)?
-9
Let a(m) = -m**3 - 44*m**2 - 123*m - 7. What is a(-41)?
-7
Let a(z) = 12*z + 36. Determine a(-4).
-12
Let g(s) = s**3 - 7*s**2 - 3. What is g(7)?
-3
Let d(f) = 2*f. What is d(-2)?
-4
Let b(d) = -10*d + 8. Calculate b(1).
-2
Let u(g) = 2*g + 22. Calculate u(-17).
-12
Let x(l) = -6*l - 23. Determine x(-7).
19
Let f(i) = -12*i + 2. Give f(-1).
14
Let d(h) = h + 2. Give d(0).
2
Let g(f) = f**2 - 85*f + 990. What is g(14)?
-4
Let c(r) = -r**3 - 26*r**2 - 27*r - 7. Calculate c(-25).
43
Let w(s) = -s**2 + s + 6. Calculate w(0).
6
Let u(f) = -4*f + 3. What is u(-6)?
27
Let z(v) = 59*v + 299. Give z(-5).
4
Let q(p) = p**3 - 5*p**2 - p - 1. Calculate q(4).
-21
Let l(p) = -p**3 - 3*p**2 + 5*p - 1. What is l(-4)?
-5
Let k(b) = b**3 - 5*b**2 + b + 5. Determine k(3).
-10
Let r(f) = f**2 - 6*f + 2. Calculate r(-5).
57
Let q(a) = -16*a - 62. What is q(-4)?
2
Let n(x) = 3*x - 24. What is n(7)?
-3
Let f(i) = i**3 + 9*i**2 + 11*i + 16. What is f(-8)?
-8
Let h(d) = -11*d + 104. Give h(12).
-28
Let p(h) = -6*h - 106. Calculate p(-18).
2
Let c(d) = d**3 + 9*d**2 + 10*d + 17. Determine c(-8).
1
Let j(n) = -n**2 - 7*n - 3. What is j(-8)?
-11
Let r(x) = 4*x**3 - 55*x**2 - 15*x + 11. Determine r(14).
-3
Let p(m) = -2*m**2 - 6*m - 1. Determine p(5).
-81
Let i(s) = 223*s - 887. Give i(4).
5
Let d(n) = 20*n**3 - 2*n**2 + 2*n - 1. Determine d(1).
19
Let x(f) = -2*f**3 - 37*f**2 + 19*f + 5. Determine x(-19).
5
Let w(s) = -5*s + 33. What is w(9)?
-12
Let f(v) = -v**3 - 12*v**2 - 18*v - 8. Give f(-10).
-28
Let k(v) = 14*v + 18. Give k(-2).
-10
Let j(p) = -23*p + 6. Give j(2).
-40
Let t(r) = -r**2 + 13*r - 2. What is t(15)?
-32
Let t(q) = 4*q - 24. Give t(8).
8
Let a(o) = -4*o + 33. What is a(-8)?
65
Let o(p) = 9*p - 91. Give o(9).
-10
Let f(o) = -o**2 + 7*o - 11. Give f(5).
-1
Let b(i) = -i**3 + i**2 - 2*i + 9. Give b(0).
9
Let p(v) = -v**2 - 7*v + 12. Give p(-9).
-6
Let o(p) = 3*p + 4. Give o(-6).
-14
Let s(r) = -r**2 - 14*r - 56. Determine s(-8).
-8
Let f(t) = -2*t**3 - 4*t**2 - 4*t - 3. Give f(-3).
27
Let j(a) = -40*a - 45. Calculate j(-3).
75
Let u(o) = -10*o - 4. Determine u(2).
-24
Let v(s) = -s**2 + 6*s + 34. Calculate v(-5).
-21
Let f(j) = -j**2 - 8*j - 1. Calculate f(0).
-1
Let l(o) = -3*o + 1. Calculate l(10).
-29
Let z(r) = 8*r - 3. Calculate z(1).
5
Let h(b) = b**3 + 6*b**2 + 5*b + 5. Give h(-5).
5
Let v(q) = q**2 - 38*q + 67. Determine v(36).
-5
Let g(u) = u - 1. Give g(-3).
-4
Let j(b) = b**3 - 7*b**2 + 8*b - 3. Give j(6).
9
Let w(f) = -f**3 + 6*f**2 + 10*f - 2. Determine w(7).
19
Let w(y) = y**3 - 5*y**2 - y + 11. Determine w(7).
102
Let u(g) = -g**3 + 6*g**2 - 4*g - 4. Determine u(5).
1
Let y(i) = i**3 - 10*i**2 - 2*i - 10. Calculate y(10).
-30
Let c(f) = -3*f - 17. Calculate c(-6).
1
Let b(j) = -j**2 - 44*j + 63. Determine b(-45).
18
Let f(x) = 14*x - 771. Give f(55).
-1
Let n(o) = o**2 - 4*o - 5. Determine n(4).
-5
Let d(s) = -4*s**2 + 4*s + 16. What is d(-6)?
-152
Let x(j) = -4*j + 48. Give x(18).
-24
Let g(x) = -x + 16. Give g(-12).
28
Let m(p) = p**3 - 5*p**2 + 2*p - 11. What is m(5)?
-1
Let w(i) = 2*i**3 - 11*i**2 - i - 7. What is w(5)?
-37
Let k(v) = v**2 - 7*v + 2. Give k(7).
2
Let d(k) = k**2 - 22*k - 37. What is d(24)?
11
Let x(d) = 5*d**2 - 284*d - 59. Calculate x(57).
-2
Let u(v) = -v**3 + 10*v**2 - 27*v + 10. Calculate u(4).
-2
Let w(c) = c**3 + 3*c**2 - c + 1. Determine w(-3).
4
Let a(c) = -c + 8. What is a(-18)?
26
Let m(d) = d**3 - 6*d**2 - 10*d + 18. Calculate m(7).
-3
Let r(s) = 2*s**2 + 2*s - 4. Determine r(-8).
108
Let a(v) = v**2 + 5*v + 10. Calculate a(-7).
24
Let w(g) = -9*g**2 + 3*g - 5. Give w(2).
-35
Let j(f) = -3*f + 38. Determine j(21).
-25
Let t(s) = -24*s - 41. Give t(-2).
7
Let p(o) = o**2 - 33*o + 265. What is p(15)?
-5
Let w(r) = -2*r**2 + 5*r + 3. Give w(5).
-22
Let c(d) = d**3 + 13*d**2 + 11*d - 24. Give c(-12).
-12
Let g(a) = -a**2 - 4*a - 1. Determine g(4).
-33
Let i(t) = t**2 + 8*t - 2. Determine i(-6).
-14
Let v(s) = -3*s - 6. Determine v(-4).
6
Let x(d) = -10*d + 3. Give x(-4).
43
Let p(h) = 5*h - 5. Determine p(1).
0
Let o(l) = -9*l - 7. Calculate o(0).
-7
Let g(n) = -9*n - 3. Give g(-2).
15
Let f(r) = -5*r - 184. What is f(-32)?
-24
Let a(j) = -j**3 + 17*j**2 - 13*j - 4. Give a(16).
44
Let l(p) = 2*p**3 - p**2 + p - 2. What is l(2)?
12
Let j(k) = 2*k**3 + 3*k**2 - 3*k - 5. Give j(-4).
-73
Let z(b) = b**2 + 24*b - 703. What is z(-41)?
-6
Let s(i) = i**3 - i**2 + i - 2. What is s(3)?
19
Let d(y) = -3*y + 5. Give d(-9).
32
Let l(m) = m**2 - 18*m - 69. Calculate l(21).
-6
Let m(z) = 2*z**3 + 11*z**2 - 28*z - 4. Give m(2).
0
Let g(x) = -2*x**2 + 10*x + 7. Determine g(7).
-21
Let j(g) = -3*g + 32. Determine j(6).
14
Let h(c) = c**2 - 8*c + 4. Determine h(4).
-12
Let a(g) = g**3 + 14*g**2 - 11*g + 49. Calculate a(-15).
-11
Let t(l) = -l**2 + 5*l + 2. Determine t(7).
-12
Let q(h) = 10*h - 4. What is q(5)?
46
Let u(n) = -n**3 + 9*n**2 + 5*n - 17. Calculate u(9).
28
Let w(n) = 15*n - 1. Calculate w(-1).
-16
Let v(d) = -d**3 - 5*d**2 - 6*d - 4. Give v(-4).
4
Let b(q) = -3*q + 38. Give b(8).
14
Let a(b) = -b**3 - 5*b**2 + 8*b - 1. Give a(-6).
-13
Let p(i) = -22*i + 2. Give p(2).
-42
Let z(k) = 10*k - 171. Give z(15).
-21
Let k(l) = -l - 6. Calculate k(-15).
9
Let w(f) = -3*f - 27. Calculate w(3).
-36
Let k(a) = -2*a**2 - 12*a - 26. What is k(-3)?
-8
Let r(g) = -g**3 + 8*g**2 - g - 18. Determine r(8).
-26
Let t(j) = j**2 - 16*j + 22. Calculate t(14).
-6
Let j(d) = -d + 1. Give j(-4).
5
Let b(u) = -u**2 + 29*u + 95. Give b(32).
-1
Let c(q) = q**2 - 6*q + 4. Calculate c(5).
-1
Let a(x) = -2*x - 10. Calculate a(-9).
8
Let t(b) = b**3 + 32*b**2 - 69*b - 30. Determine t(-34).
4
Let v(x) = -x**2 - 4*x + 9. Give v(3).
-12
Let b(q) = q**3 + 7*q**2 - 8*q + 1. Determine b(-8).
1
Let q(z) = z**3 + 6*z**2 + 8*z + 8. Calculate q(-4).
8
Let n(u) = -u**3 + 11*u**2 + u - 4. Give n(11).
7
Let x(z) = 2*z + 6. Determine x(-7).
-8
Let r(u) = u**2 - 31*u + 57. Calculate r(2).
-1
Let g(c) = c**3 - 10*c**2 + 11*c - 15. Calculate g(9).
3
Let c(o) = 29*o + 13. What is c(2)?
71
Let g(t) = 10*t + 8. Determine g(6).
68
Let g(f) = -f**2 + 11*f - 22. Determine g(7).
6
Let q(p) = 7*p - 45. Give q(6).
-3
Let z(q) = -2*q**3 - 41*q**2 + 68*q + 42. What is z(-22)?
-2
Let a(h) = -2*h + 1. Give a(-3).
7
Let n(v) = v**2 - 9*v + 7. Give n(9).
7
Let a(k) = -10*k + 111. Give a(11).
1
Let z(q) = 2*q + 8. Give z(-7).
-6
Let w(n) = -7*n - 216. What is w(-30)?
-6
Let a(z) = 4*z - 10. Give a(0).
-10
Let q(d) = -d**2 - 10*d + 3. Give q(-5).
28
Let c(n) = -3*n**2 + 98*n + 32. What is c(33)?
-1
Let x(j) = 22*j - 61. What is x(3)?
5
Let g(k) = k**3 + 5*k**2 + k - 6. Calculate g(-4).
6
Let h(g) = g**3 + 25*g**2 + 3*g + 48. Give h(-25).
-27
Let w(m) = -m**2 - 16*m + 38. What is w(-10)?
98
Let i(p) = -13*p + 1. Calculate i(1).
-12
Let i(u) = u - 7. Give i(11).
4
Let o(j) = -j**3 - 10*j**2 - 27*j - 7. Give o(-6).
11
Let v(s) = -s - 31. What is v(-20)?
-11
Let n(o) = -8*o - 129. What is n(-17)?
7
Let j(d) = 6*d - 6. Determine j(5).
24
Let j(a) = 2*a**3 + a**2 + a + 7. Give j(0).
7
Let m(a) = a**3 + 8*a**2 - a - 4. What is m(-8)?
4
Let u(h) = -h**3 - 6*h**2 + 9*h + 3. Calculate u(-7).
-11
Let t(l) = -l**3 - 9*l**2 + 74*l + 72. What is t(-14)?
16
Let t(v) = v**2 + 9*v - 44. Determine t(-13).
8
Let o(i) = i**3 - i**2 + 4*i - 81. Calculate o(0).
-81
Let b(j) = -j**2 - 17*j - 22. What is b(-6)?
44
Let o(x) = -x**3 - x**2 - x - 4. What is o(-2)?
2
Let n(s) = -28*s + 395. What is n(14)?
3
Let p(g) = g**3 + 3*g**2 - 12*g + 1. Determine p(-5).
11
Let k(w) = 26*w + 2. Calculate k(1).
28
Let d(q) = 16*q - 31. Calculate d(8).
97
Let a(t) = -12*t + 55. Determine a(5).
-5
Let s(x) = 11*x - 3. Determine s(3).
30
Let u(x) = 5*x**3 + 2*x + 1. Determine u(2).
45
Let c(q) = 3*q - 7. What is c(0)?
-7
Let z(w) = 7*w + 15. Determine z(28).
211
Let w(z) = 26*z - 1141. Calculate w(44).
3
Let l(y) = -13*y - 84. Calculate l(-6).
-6
Let l(t) = -17*t. What is l(-6)?
102
Let h(i) = -i**3 + 10*i**2 - 5*i + 18. Determine h(9).
54
Let w(r) = -r**2 + 4*r + 4. Calculate w(7).
-17
Let g(s) = -s**2 - 6*s + 67. What is g(-11)?
12
Let p(w) = w**3 + 8*w**2 + 8*w + 6